lions digit of 317928828?
3
What is the thousands digit of 122331865?
1
What is the ten millions digit of 39298272?
3
What is the thousands digit of 4429252747?
2
What is the hundred millions digit of 820732960?
8
What is the tens digit of 125411168?
6
What is the tens digit of 105031137?
3
What is the units digit of 602620172?
2
What is the billions digit of 1705064469?
1
What is the millions digit of 82280841?
2
What is the hundreds digit of 81889474?
4
What is the millions digit of 76716166?
6
What is the ten millions digit of 410346018?
1
What is the tens digit of 763840612?
1
What is the units digit of 49405720?
0
What is the millions digit of 18063216?
8
What is the hundred millions digit of 411167515?
4
What is the hundreds digit of 5578132?
1
What is the ten millions digit of 4110242538?
1
What is the ten millions digit of 2443408226?
4
What is the millions digit of 36309308?
6
What is the units digit of 2125290891?
1
What is the units digit of 32540586?
6
What is the units digit of 1025302336?
6
What is the hundreds digit of 83465439?
4
What is the tens digit of 536537243?
4
What is the thousands digit of 2464457123?
7
What is the hundred thousands digit of 85674221?
6
What is the hundreds digit of 2406890830?
8
What is the thousands digit of 20102992?
2
What is the hundred thousands digit of 373949283?
9
What is the millions digit of 194228729?
4
What is the millions digit of 1321527811?
1
What is the ten millions digit of 18209502?
1
What is the hundred millions digit of 2283178220?
2
What is the ten millions digit of 251426492?
5
What is the millions digit of 34939703?
4
What is the hundred millions digit of 110167265?
1
What is the ten millions digit of 131807546?
3
What is the units digit of 2122964227?
7
What is the ten thousands digit of 2597611927?
1
What is the thousands digit of 76119545?
9
What is the hundred thousands digit of 37080821?
0
What is the hundreds digit of 149492712?
7
What is the thousands digit of 729442146?
2
What is the millions digit of 40963547?
0
What is the ten thousands digit of 195211643?
1
What is the ten thousands digit of 215759795?
5
What is the millions digit of 29045440?
9
What is the thousands digit of 1547991727?
1
What is the billions digit of 1626759785?
1
What is the hundred millions digit of 133373975?
1
What is the hundreds digit of 38412881?
8
What is the hundreds digit of 1588665280?
2
What is the millions digit of 3049998574?
9
What is the ten millions digit of 173972702?
7
What is the hundred millions digit of 604882607?
6
What is the hundreds digit of 5968661758?
7
What is the ten thousands digit of 5232812110?
1
What is the ten millions digit of 154916781?
5
What is the hundred millions digit of 759821250?
7
What is the hundred millions digit of 4941954657?
9
What is the units digit of 412574462?
2
What is the hundreds digit of 1274832209?
2
What is the hundreds digit of 50595810?
8
What is the hundreds digit of 116893641?
6
What is the hundred millions digit of 815166337?
8
What is the hundreds digit of 271853001?
0
What is the ten thousands digit of 1087944921?
4
What is the hundred millions digit of 383276401?
3
What is the hundred millions digit of 997297547?
9
What is the tens digit of 318335025?
2
What is the hundred millions digit of 310130289?
3
What is the thousands digit of 390671035?
1
What is the ten thousands digit of 9996424?
9
What is the thousands digit of 57010050?
0
What is the ten millions digit of 2794902039?
9
What is the units digit of 337377271?
1
What is the millions digit of 110407077?
0
What is the ten thousands digit of 709478638?
7
What is the thousands digit of 85405196?
5
What is the hundreds digit of 83794436?
4
What is the ten millions digit of 366879150?
6
What is the ten millions digit of 116740686?
1
What is the units digit of 3074920149?
9
What is the ten thousands digit of 23771128?
7
What is the units digit of 1174423175?
5
What is the hundreds digit of 473629523?
5
What is the tens digit of 174426081?
8
What is the tens digit of 92377861?
6
What is the tens digit of 12637139?
3
What is the tens digit of 249571762?
6
What is the millions digit of 39977105?
9
What is the hundreds digit of 284409955?
9
What is the units digit of 43037305?
5
What is the ten thousands digit of 75603698?
0
What is the thousands digit of 115624577?
4
What is the hundreds digit of 134434708?
7
What is the tens digit of 826336286?
8
What is the millions digit of 677476740?
7
What is the ten thousands digit of 279576858?
7
What is the hundred millions digit of 110582105?
1
What is the units digit of 1058429702?
2
What is the hundreds digit of 74151081?
0
What is the units digit of 139736417?
7
What is the hundreds digit of 844445065?
0
What is the hundreds digit of 9152818?
8
What is the ten millions digit of 21045365?
2
What is the ten thousands digit of 4636212062?
1
What is the units digit of 715985761?
1
What is the ten thousands digit of 5838954?
3
What is the ten thousands digit of 1221813941?
1
What is the ten thousands digit of 4322452336?
5
What is the ten millions digit of 49074731?
4
What is the millions digit of 24066397?
4
What is the hundred millions digit of 402803727?
4
What is the thousands digit of 480508636?
8
What is the hundreds digit of 345097834?
8
What is the hundred thousands digit of 952356814?
3
What is the units digit of 2102071411?
1
What is the thousands digit of 14663880?
3
What is the tens digit of 837796925?
2
What is the thousands digit of 40381810?
1
What is the millions digit of 2717080?
2
What is the millions digit of 22985229?
2
What is the hundreds digit of 36584594?
5
What is the hundred millions digit of 1759868365?
7
What is the thousands digit of 29617881?
7
What is the hundred thousands digit of 2424773272?
7
What is the hundred thousands digit of 48713341?
7
What is the hundred millions digit of 575359428?
5
What is the hundreds digit of 146756795?
7
What is the ten thousands digit of 370330374?
3
What is the hundred thousands digit of 365125315?
1
What is the millions digit of 17484079?
7
What is the thousands digit of 98032929?
2
What is the units digit of 125774575?
5
What is the billions digit of 1690267348?
1
What is the hundred millions digit of 110006518?
1
What is the units digit of 1777612716?
6
What is the units digit of 43077790?
0
What is the tens digit of 2186257419?
1
What is the units digit of 3297633353?
3
What is the millions digit of 334241873?
4
What is the thousands digit of 32288429?
8
What is the ten millions digit of 32812364?
3
What is the tens digit of 2174549550?
5
What is the units digit of 69843564?
4
What is the ten millions digit of 91879547?
9
What is the thousands digit of 15468048?
8
What is the units digit of 107791187?
7
What is the hundred thousands digit of 22457133?
4
What is the ten thousands digit of 237261554?
6
What is the units digit of 161281630?
0
What is the thousands digit of 440473879?
3
What is the tens digit of 255157492?
9
What is the tens digit of 2004638088?
8
What is the hundred thousands digit of 7623648?
6
What is the hundreds digit of 6545642895?
8
What is the thousands digit of 306766723?
6
What is the hundreds digit of 685892975?
9
What is the hundred thousands digit of 7204609200?
6
What is the tens digit of 25470680?
8
What is the units digit of 92514344?
4
What is the ten thousands digit of 772327041?
2
What is the ten millions digit of 50056518?
5
What is the units digit of 1076085247?
7
What is the units digit of 26746067?
7
What is the ten thousands digit of 2510950529?
5
What is the billions digit of 4433481178?
4
What is the hundred millions digit of 138754800?
1
What is the thousands digit of 102366619?
6
What is the hundred millions digit of 3008803310?
0
What is the hundred thousands digit of 438485608?
4
What is the units digit of 25737068?
8
What is the tens digit of 170644836?
3
What is the millions digit of 23788276?
3
What is the hundreds digit of 6227215?
2
What is the ten millions digit of 203750765?
0
What is the ten millions digit of 304417294?
0
What is the hundreds digit of 37732507?
5
What is the millions digit of 1958689816?
8
What is the ten thousands digit of 135979753?
7
What is the hundred millions digit of 587699198?
5
What is the ten 